at are the prime factors of j(-11)?
5, 11
Let q(w) = -w**2 + 17*w + 27. List the prime factors of q(11).
3, 31
Let p(q) = -25*q + 13. What are the prime factors of p(-3)?
2, 11
Let m(c) = -12*c + 46. List the prime factors of m(-11).
2, 89
Let m(h) = -h**3 + h**2 + h. Let t(l) = -3*l**3 - l**2 + 3*l - 4. Let f(s) = 4*m(s) - t(s). What are the prime factors of f(4)?
2, 3
Suppose -5*v + 255 = -3*b, -289 = -4*v + b - 78. List the prime factors of (2/(-6))/((-6)/v).
3
Suppose -3*o + 2*o = 0. Suppose -32 = -o*k - 4*k. Suppose -2*x = -0*x - k. List the prime factors of x.
2
Suppose -3*c + 6*c = 0. Suppose 4*v + v - 45 = q, 5*v - 3*q - 55 = c. What are the prime factors of 4/(v/7)*2?
7
What are the prime factors of (0 + (-68)/10)*-5?
2, 17
Suppose 3*o + h - 11 = 0, 2*o + 5 = 5*h - 16. Suppose 0 = o*k - 34 + 10. What are the prime factors of k?
2, 3
Let o(g) = -g + 6. Let u be o(8). Let p = u + 4. Suppose -b + 6 = 4*d, b - p*d = -0*b. List the prime factors of b.
2
Let m = -1 - -1. Suppose m = b - 18 + 4. List the prime factors of b.
2, 7
Let z = 88 - 42. List the prime factors of z.
2, 23
Suppose 0*f - 100 = -4*f. What are the prime factors of f?
5
Let b = 53 - 30. What are the prime factors of b?
23
List the prime factors of 38/9 + (-2)/9.
2
Suppose z + 14 - 3 = 5*j, -j - 14 = -2*z. Suppose 2*a - z = 3. Let n(p) = p**3 - 7*p**2 + 8*p - 6. List the prime factors of n(a).
2, 3
Let i = -2 + -1. Suppose -198 = -2*k + 3*y, 388 = -2*k + 6*k - 2*y. What are the prime factors of k/(-18)*i/2?
2
Let z(b) = b**2 + 16*b + 23. List the prime factors of z(-16).
23
Suppose 4*i - 4*x + 12 = -0*x, -5*i - 13 = -3*x. Let k be 6/9*(-9)/i. Suppose -3*d + b + 25 = 3*b, -2*d + k*b = 5. List the prime factors of d.
5
Let j be 5/(5/16) + 0. What are the prime factors of (-2)/(-3) + j/3?
2, 3
Suppose -4*z = -z. Suppose z = -u + 6*u - 30. List the prime factors of u.
2, 3
Suppose -3*f - 52 = -2*b - 0*b, 2*b = 4*f + 66. Let a = 23 + f. Suppose 4*j - j = a. List the prime factors of j.
3
Let t(s) = s**2 + 2*s + 2. Let f be 44/(-12) + 2/3. List the prime factors of t(f).
5
Let r(w) = -w**3 - w**2 - 7. Let a(u) = -u**3 - 7. Let v(i) = -6*a(i) + 5*r(i). Let m be v(5). Let b = m - 0. List the prime factors of b.
7
Suppose 2*i + 2*i = 40. Let h = i - -6. List the prime factors of h.
2
Suppose -g = 2*c - 34 + 5, -20 = -4*c. List the prime factors of g.
19
Let s = -303 - -208. Let v = -59 - s. What are the prime factors of v?
2, 3
Let a(k) = 19*k - 6. What are the prime factors of a(3)?
3, 17
Let b(o) = 118*o. What are the prime factors of b(1)?
2, 59
Let k(l) be the third derivative of l**4/24 - l**3/3 + 2*l**2. Suppose -s + 0 + 7 = 0. What are the prime factors of k(s)?
5
Let a = -4 + -1. Let n(x) = -2*x - 6. List the prime factors of n(a).
2
Let u(f) = f**2 - 4*f + 3. What are the prime factors of u(6)?
3, 5
Let u(a) = -a**2 + 9*a + 9. What are the prime factors of u(9)?
3
Let p = 4 - 5. Let z(f) = -14*f**3 - f**2 + f + 1. What are the prime factors of z(p)?
13
Let k(t) = -t**3 + 15*t**2 - 6*t - 6. Let i(g) = g**2. Let d(m) = -6*i(m) + k(m). List the prime factors of d(8).
2, 5
Suppose -2*s + 6*s = 20. Suppose s*c - 15 = 15. What are the prime factors of c?
2, 3
Suppose 442 = -9*c + 1396. List the prime factors of c.
2, 53
List the prime factors of (-30002)/(-182) + (-4)/(-26).
3, 5, 11
Let a = -31 + 19. Let o = 0 - a. What are the prime factors of o?
2, 3
Let q be (0/1)/((-6)/(-3)). Suppose 0 = -2*p - q*p + 12. What are the prime factors of p?
2, 3
Let n be (-27)/12*8/(-6). Suppose -101 = -n*z - 23. What are the prime factors of z?
2, 13
Suppose 0 = -4*p + 8. Suppose 4*a - 3*b - 28 = 9, 5*b + 1 = -p*a. Suppose -4*c + a*c + x - 10 = 0, 0 = c + 4*x + 4. What are the prime factors of c?
2
Suppose 4*j - 1 + 17 = 0, -3*h = 5*j + 194. Let y = h - -88. List the prime factors of y.
2, 3, 5
Let c(a) be the second derivative of -a**6/720 + a**5/8 - a**4/12 - a. Let u(h) be the third derivative of c(h). List the prime factors of u(9).
2, 3
Suppose 5*h - 27 = -3*x, h + 0*h - 15 = -3*x. What are the prime factors of 51/h - (-1 + 2)?
2
Let b = 22 - 36. Let d be 2/(b/(-10) + -1). Suppose -3*i - 10 = -d*c, -2*i + 6*i - 2*c - 10 = 0. What are the prime factors of i?
5
Let x = 1 + 17. Suppose s - 2*a = -1, -2*a - x = 4*s - 4. List the prime factors of (3*s)/3*-3.
3
Suppose -3*l - 5*d = -227, 0 = 5*d - 16 - 4. List the prime factors of l.
3, 23
Let y = 1 + -1. Let g be (7 - 2)/((-2)/(-2)). Suppose -i + 6*x = x - 8, y = g*x. List the prime factors of i.
2
Let o = 565 + -262. Let y = -210 + o. Suppose 2*u + y = 5*p, -50 = -p - p + 4*u. What are the prime factors of p?
17
Let b be (2 - (-6)/2) + -1. Suppose 3*u = -2*z + 20 + 8, -2*z = b*u - 24. List the prime factors of z.
2, 5
List the prime factors of (24/(-6) + 0)/((-4)/66).
2, 3, 11
Let y = 94 + 25. List the prime factors of y.
7, 17
Suppose 7*v + 104 = 3*v. Let p = 44 + v. What are the prime factors of p?
2, 3
Let l be (5 - 2) + (-1 - -1). Suppose 0 = 4*a - 23 + 7, -4*g + 36 = -l*a. What are the prime factors of g?
2, 3
Suppose -4*w - 24 = 2*o - 0*o, 4*w + 24 = -4*o. Let z be 4/w + (-125)/(-3). Let l = -23 + z. What are the prime factors of l?
2, 3
Suppose j + 2*l + 9 = 0, -l + 11 = 5*j - 5*l. What are the prime factors of 15 + -1 + j + -1?
2, 3
Let w = 139 - 85. What are the prime factors of ((-4)/6)/((-4)/w)?
3
Let k(w) = 10*w**2 - w. Suppose -13 = -t + 2*n, 5*n = t - 46 + 18. Let q be -1*t/(-2 - 1). What are the prime factors of k(q)?
3
Let i = 3 - -1. Suppose -i*u + 60 = -0*u. What are the prime factors of u?
3, 5
Let j(r) be the third derivative of r**5/60 - 3*r**4/8 - r**2. Let t be j(9). Suppose w - 3*v - 9 = t, 8 = 2*w - 3*v - 7. What are the prime factors of w?
2, 3
What are the prime factors of (-9)/(-18) + (-14)/(-4)?
2
Let p = -50 + 87. List the prime factors of p.
37
Let o be 0/(2 + -2 + -2). Let q = o - -1. Suppose -2*d + 5 - q = 0. List the prime factors of d.
2
Let r(a) = 8*a**2 + 3*a - 4. What are the prime factors of r(3)?
7, 11
Let f = -22 - -35. What are the prime factors of f?
13
Let s(k) = -2 + k**3 + 8*k - 2*k - 6*k**2 + 0*k. Let u be s(5). List the prime factors of 0 + (-3)/(u/(-2)).
2
Let j be ((-24)/10)/(12/(-90)). Let a = j - 0. What are the prime factors of a?
2, 3
Let f(m) = -m**3 - 9*m**2 + 13*m + 15. Let j be f(-10). Let r = 29 + j. What are the prime factors of r?
2, 7
Let b = -39 - -27. What are the prime factors of (b/7)/((-1)/7)?
2, 3
Suppose 0 = 2*b - 3*n - 39, -b - 4*b + 5*n = -95. What are the prime factors of b?
2, 3
Suppose 0 = -2*y - 4*n + 4, -y + 12 = 3*y + 4*n. Suppose y*v - v = 60. Suppose j - 6*j = 3*h - v, 3 = 4*j + 5*h. List the prime factors of j.
7
Let u = -9 + 9. Suppose u = q + 1 - 15. List the prime factors of q.
2, 7
Suppose 3*q = 6*q - 18. What are the prime factors of (-40)/(-15)*q/4?
2
Let w = -134 - -273. List the prime factors of w.
139
Let t(i) = -4*i + 8. Let o be t(8). What are the prime factors of (o/2)/(12/(-8))?
2
Let d = 139 + -123. What are the prime factors of d?
2
Let k = 209 + -143. Suppose l - k = -l. What are the prime factors of l?
3, 11
Suppose 2*m + 0*m - 14 = 0. Let c be 2/(-9) - (-476)/36. Let o = c - m. List the prime factors of o.
2, 3
Suppose 0 = -k - 1 - 8. Let t(m) = m**3 + 8*m**2 - 11*m. Let n be t(k). Let h = n + -7. What are the prime factors of h?
11
Let n = -4 - -2. Let j = 1 - n. Let y = 5 - j. What are the prime factors of y?
2
Let f(g) = g**2 + 2*g - 5. Let j(z) = -2*z + 4. Let u(i) = 4*f(i) + 5*j(i). Let m = -18 - -20. List the prime factors of u(m).
2, 3
Suppose 5*p + 4*l = 2*l + 51, 4*p - l - 33 = 0. Suppose 0 = p*u - 4*u - 10. What are the prime factors of u?
2
Let z(x) = -x + 3. Suppose -l + 6 = -2*l. List the prime factors of z(l).
3
Let i(g) = -1. Let u(c) = -5*c - 13. Let q(t) = 5*i(t) - u(t). Let n be q(8). Suppose 5*o - n = -3. What are the prime factors of o?
3
What are the prime factors of 174/18 - 1/(-3)?
2, 5
Let m(l) = l - 5. Let p be m(8). Suppose 6*u - 75 = -5*z + u, 0 = -p*u. What are the prime factors of z?
3, 5
Let u(g) = -g - 11. Suppose -2*x + x + 4 = 0. Let r(v) = v + 6. Let j(d) = x*u(d) + 7*r(d). What are the prime factors of j(3)?
7
What are the prime factors of 4 - ((-28)/70 - (-1316)/(-10))?
2, 17
Let a(t) = t**3 - 6*t**2 - 7*t